 a(6)?
3
Suppose j = 5*j - 1172. Let i be 2/(-11) + -7 + 13272/(-88). Let o = j + i. What is the units digit of o?
5
Let x(t) = -10*t**2 + 18*t + 16. Let r be x(6). Let i = 288 + r. What is the tens digit of i?
5
Let a(h) = -19*h**2 - 7*h + 100. Let z(w) = 9*w**2 + 3*w - 50. Let s(t) = 6*a(t) + 13*z(t). What is the hundreds digit of s(12)?
3
Let r be (-2 + 2/(-4))/(1/2). Let p = 9 + r. Suppose 0 = 5*k + 5*c - 665, p*c = -k - c + 133. What is the hundreds digit of k?
1
Let k = 23385 - -26234. What is the tens digit of k?
1
Suppose -163*z + 221*z - 124294 = 0. What is the thousands digit of z?
2
Suppose -3*u = -5*w + 912, 69 = 2*w + u - 298. What is the tens digit of w?
8
Let u be 9/(-1 - -2)*-1. Suppose -3*p + 5 = -6*p - 2*b, 11 = -5*p - 4*b. What is the tens digit of u - -82 - (p - 0)?
7
Suppose 5*v = -5*y - 47 - 168, 3*v + 211 = -5*y. Let o = -38 - y. Suppose 2 = 2*d, o*x - 818 = -x - 2*d. What is the hundreds digit of x?
2
Let d be 18 - (-12 + 6)/(-6). Suppose -4*r = d*r - 5439. What is the hundreds digit of r?
2
Let y(n) = 1217*n**3 - 3*n**2 + 4*n - 2. Let r be (2 - 14) + 11 - 1*-2. What is the tens digit of y(r)?
1
Suppose -3*u - 261 = -b, 0 = -4*b + b + u + 751. Suppose 6107 = 7*a - b. What is the hundreds digit of a?
9
Suppose -25*g + 144090 = 36365. What is the thousands digit of g?
4
Let d(n) = -146*n**2 - 5*n - 11. Let m be d(-2). Let u = 92 - m. What is the units digit of u?
7
Suppose 5*g + 3*b = 9*g - 18, -7 = g + 5*b. Suppose g*y - 352 = -103. What is the units digit of y?
3
Let x be (2 - (-20)/(-8))*-20. Suppose 3*b + 5*s = -0*s - 14, -x = 2*b + 4*s. What is the units digit of b - (-5 - -2)*104/6?
9
Let s(z) be the first derivative of -z**2/2 - z + 18. Let v(c) = -2*c**2 + 12*c + 21. Let i(y) = -2*s(y) - v(y). What is the tens digit of i(10)?
8
Let l be (1040/78)/((-1)/(-816)). Suppose 0*y = 17*y - l. What is the units digit of y?
0
Let n = 45359 + -19551. What is the ten thousands digit of n?
2
Let x(u) = -339*u + 1009. What is the units digit of x(-54)?
5
Suppose -3*r - 83 = -149. Let z = r - -43. What is the units digit of z?
5
Let y = -190 - -118. Let m be 228/(-9) - (-2)/(-3). What is the units digit of (-1382)/m + (-2 - y/39)?
3
Let s(u) = -27*u**2 - 5*u - 3. Let z be s(-4). Let f = 13016 - 13299. Let b = f - z. What is the hundreds digit of b?
1
Suppose 5*h - 2*a - 33 - 44 = 0, -2 = 2*a. What is the hundreds digit of ((-5)/h)/((-8)/25080)?
0
What is the thousands digit of ((-48)/(-12))/(6/33195*10)?
2
Let h(v) = 2*v**2 + 9*v - 62. Let f be h(-18). Suppose 0 = 3*y - 3*r - 2253, -4*r - 1088 = -2*y + f. What is the units digit of y?
6
Let i(r) = -2*r**2 + 23*r + 39. Let z be i(13). Suppose x + z*x = 611. What is the units digit of x?
1
Let p(d) = 415*d**2 - 65*d - 13. What is the hundreds digit of p(-3)?
9
Let z(y) = -y**2 + 14*y + 27. Let m be z(15). Let h be (-109)/((4/m)/(3/(-9))). Let v = h - 6. What is the units digit of v?
3
Let n(h) = 9 - 90*h**2 + 38*h**2 + 20*h + 54*h**2. What is the tens digit of n(-18)?
9
Let n(b) = 3*b - 17. Let k be n(5). Let m be k + (8 - 4) - 22. What is the units digit of m/(-15) - 357/(-9)?
1
Let r be 1/4 - (-11)/44*7. Suppose -20 = -5*v, -155 = -r*c + v + 351. What is the tens digit of c?
5
Let h(x) = 451*x + 5. Let l be h(1). Suppose -13*g + l = -9*g. Let q = g - -46. What is the tens digit of q?
6
Let u(h) = 40*h + 194. Let o be u(-1). Let j(t) = t**3 + 7*t**2 + 5*t - 4. Let q be j(-6). What is the tens digit of o + 3 + (8/2 - q)?
5
Suppose -64*a + 78 = -25*a. What is the tens digit of a/4*(-94250)/(-29)?
2
Let r(u) be the third derivative of 61*u**5/60 - u**4/3 + u**3/6 + 3*u**2. Suppose -41*k - 40 + 122 = 0. What is the hundreds digit of r(k)?
2
Let d(r) = 86*r**2 - 7*r + 51. What is the hundreds digit of d(10)?
5
Let y = 28 + -21. Suppose -y*u + 40 = 26. Suppose 5*c = 3*m - 49, u*m - 6 = 3*c + 25. What is the units digit of m?
8
Let p(a) = -3*a**2 + 55*a + 5. Let v be p(10). Suppose -18*q - v = -3387. What is the units digit of q?
4
Suppose -5*m = 10, 2*i = -2*m + 2 - 4. What is the units digit of (-47)/(i*7/(-119))?
9
What is the tens digit of (-26 + 15)*(-2)/11 - -3871?
7
What is the thousands digit of (-1431)/(-81) + -20 + (-160010)/(-6)?
6
Suppose -3*f - 4*s = 24, -4*s + 3*s = 0. Let l be (-6)/f*(-16)/(-4). Suppose -3*k - 101 = -5*o, 0 = -0*k - l*k - 6. What is the units digit of o?
9
Let c(u) = u**3 + 12*u**2 - 16*u - 39. Let a be c(-13). Suppose a = 4*x + 2*h - 5*h - 1513, 0 = -5*x + 2*h + 1900. What is the hundreds digit of x?
3
What is the tens digit of (640/50)/((-4)/(-5400))?
8
Let n be ((-5)/((-15)/129))/(2/10). Suppose -4*c + n = 7. Suppose 5*l - 142 = -c. What is the units digit of l?
8
Let a(b) = 3*b + 17. Let v be a(-7). Let d(o) = -30*o - 2 + 6*o + 0. What is the tens digit of d(v)?
9
Let n(l) = 4*l**3 + 5*l + 8*l**3 + 2100 + l**2 + 19*l**3 - 2109. What is the tens digit of n(2)?
5
Suppose 34227 - 141055 = -34*l. What is the thousands digit of l?
3
Suppose 0 = 3*x + 9 - 42. Suppose 2*c - 5*r - 5 = 0, -3*c + 2*r = -2*r - x. Suppose 3*b + 1 + 22 = 2*g, -3*g + 34 = -c*b. What is the units digit of g?
3
Let q(i) = i**3 - i**2 + 531. Suppose 0*t - 6*t = 0. What is the hundreds digit of q(t)?
5
Let n(l) = -16368*l**3 + l**2 - 31*l - 32. What is the thousands digit of n(-1)?
6
Let d(z) = -7*z + 16. Suppose -2656 = -20*r - 496. Let s = r - 112. What is the units digit of d(s)?
4
Let s(q) = 6*q**3 + q - 2. Let c be s(1). Suppose c*b + 8*g + 680 = 13*g, -4*b - 539 = g. Let h = b - -288. What is the tens digit of h?
5
What is the units digit of 20/5 + 3 + 134111/41?
8
Let d = 14736 + -959. What is the hundreds digit of d?
7
What is the units digit of 3494 + 0*6/(-12)?
4
Let u(d) = d - 6. Let v be u(9). Suppose y - v*y - 2*o = 6, -3*y + 21 = -3*o. Suppose -n - 36 = -y*n. What is the units digit of n?
6
Let n be 1/((-9)/12 - (-935)/1244). Suppose 1020 = 2*p + q, 0 = -2*p - 4*q + 410 + n. What is the units digit of p?
8
Suppose -4*h + 3*o + o - 628 = 0, -5*h - 3*o - 809 = 0. Let k = -224 - h. Let u = k + 115. What is the tens digit of u?
5
Let z = -1624 + -1036. Let y = -1284 - z. What is the units digit of y/28 - -2*(-1)/14?
9
What is the ten thousands digit of 31013 + (-572)/(-78)*3?
3
Suppose 14*y + 10*y + 117791 = 626543. What is the ten thousands digit of y?
2
Suppose 4*w = -m + 1561, -3 = 2*m + 3. Let a(u) = -2*u**3 + 7*u**2 - 20*u + 145. Let v be a(6). Let f = w + v. What is the tens digit of f?
3
Let n be 2*2/8*42/3. Suppose -2*z + 3*o + 457 = 0, 5*o + 232 = -6*z + n*z. What is the tens digit of z?
2
Let z be 25751/88 + (-3)/(-8). Let d = 350 - z. What is the units digit of d?
7
Let t(h) = 17*h + 98. Let r be t(17). Suppose 0 = 10*d - 3957 + r. What is the hundreds digit of d?
3
Let b = 3662 - -37795. What is the units digit of b?
7
Suppose 4 = 4*a, -53*d = -58*d + 5*a + 33470. What is the units digit of d?
5
Let a be (5 + -451 + 4)*-2 - -1. Let p = -76 + a. What is the hundreds digit of p?
8
What is the thousands digit of 4422*4*(-13)/(-26)?
8
Let k(s) = s + 22. Let w be k(4). Suppose w*f = 1574 + 6096. What is the tens digit of f?
9
Let q(v) = 4*v**2 + 14*v + 969. What is the thousands digit of q(-58)?
3
Let a(b) = -4*b + 25. Let k(g) = 4*g - 24. Let p(m) = -4*a(m) - 6*k(m). Suppose -2*t - 2*v - 14 = 0, -4*v = -9 - 7. What is the hundreds digit of p(t)?
1
Let f be -9*(4/3)/(-2). Let m(a) = a**3 + 12*a**2 - a - 2*a**2 - f - 5*a**3 + 5*a**3. What is the tens digit of m(-9)?
8
Suppose -5*u = -2*j + 61451, 4*j + 5955 - 128983 = -4*u. What is the thousands digit of j?
0
Let i(g) = -g**2 - 10*g - 4. Suppose 4*m + 33 - 1 = 0. Let j be i(m). Suppose 3*k - j - 57 = 0. What is the units digit of k?
3
Suppose 64*d - 66*d = -14. Suppose 0 = 17*x - d*x + 60. What is the units digit of ((-20)/5 + -48)*x/4?
8
Suppose -y - 3*r + 2337 = 196, 0 = -r + 5. What is the tens digit of y?
2
Let f(s) = -s**3 - 88*s**2 - 4*s + 26974. What is the ten thousands digit of f(0)?
2
Suppose 3*u = -8002 + 28177. Suppose -2477 = 4*n - u. What is the units digit of n?
2
Let r(c) = 62*c + 93. Let i be r(8). Let z = i + -300. What is the tens digit of z?
8
Suppose 33 = 11*x - 11. Let q(f) = 2*f**2 + 5 + 9*f - f**3 + 6 + 3 - x. What is the units digit of q(-5)?
0
Let n be (15/(-12))/((-3)/24). Suppose -46 - n